n 194 is divided by 61.
11
Calculate the remainder when 189 is divided by 44.
13
Calculate the remainder when 6299 is divided by 23.
20
What is the remainder when 255 is divided by 126?
3
Calculate the remainder when 565 is divided by 40.
5
Calculate the remainder when 752 is divided by 14.
10
What is the remainder when 5764 is divided by 5?
4
What is the remainder when 426 is divided by 60?
6
What is the remainder when 154 is divided by 32?
26
Calculate the remainder when 60 is divided by 14.
4
What is the remainder when 282 is divided by 68?
10
What is the remainder when 71 is divided by 9?
8
What is the remainder when 598 is divided by 57?
28
What is the remainder when 231 is divided by 122?
109
Calculate the remainder when 96 is divided by 14.
12
What is the remainder when 118 is divided by 20?
18
What is the remainder when 33 is divided by 26?
7
What is the remainder when 3481 is divided by 134?
131
Calculate the remainder when 3089 is divided by 61.
39
What is the remainder when 325 is divided by 11?
6
Calculate the remainder when 584 is divided by 117.
116
What is the remainder when 238 is divided by 91?
56
What is the remainder when 137 is divided by 31?
13
Calculate the remainder when 636 is divided by 13.
12
What is the remainder when 174 is divided by 26?
18
Calculate the remainder when 955 is divided by 6.
1
What is the remainder when 46 is divided by 13?
7
Calculate the remainder when 230 is divided by 37.
8
What is the remainder when 21 is divided by 16?
5
What is the remainder when 53 is divided by 53?
0
What is the remainder when 694 is divided by 335?
24
Calculate the remainder when 493 is divided by 21.
10
Calculate the remainder when 576 is divided by 10.
6
What is the remainder when 545 is divided by 120?
65
What is the remainder when 441 is divided by 102?
33
What is the remainder when 94 is divided by 8?
6
Calculate the remainder when 39 is divided by 21.
18
What is the remainder when 151 is divided by 26?
21
Calculate the remainder when 1424 is divided by 158.
2
What is the remainder when 69 is divided by 24?
21
Calculate the remainder when 121 is divided by 5.
1
Calculate the remainder when 52 is divided by 6.
4
Calculate the remainder when 4156 is divided by 8.
4
What is the remainder when 95 is divided by 13?
4
Calculate the remainder when 115 is divided by 108.
7
Calculate the remainder when 594 is divided by 62.
36
Calculate the remainder when 1749 is divided by 195.
189
What is the remainder when 322 is divided by 26?
10
What is the remainder when 137 is divided by 27?
2
Calculate the remainder when 4607 is divided by 8.
7
What is the remainder when 81 is divided by 15?
6
Calculate the remainder when 271 is divided by 34.
33
Calculate the remainder when 20141 is divided by 27.
26
What is the remainder when 630 is divided by 339?
291
Calculate the remainder when 4494 is divided by 63.
21
What is the remainder when 371 is divided by 25?
21
What is the remainder when 592 is divided by 9?
7
What is the remainder when 86 is divided by 9?
5
Calculate the remainder when 230 is divided by 49.
34
Calculate the remainder when 1175 is divided by 14.
13
Calculate the remainder when 140 is divided by 30.
20
What is the remainder when 2530 is divided by 17?
14
What is the remainder when 339 is divided by 78?
27
What is the remainder when 97 is divided by 20?
17
What is the remainder when 608 is divided by 5?
3
What is the remainder when 952 is divided by 31?
22
What is the remainder when 120 is divided by 21?
15
What is the remainder when 2682 is divided by 122?
120
What is the remainder when 1045 is divided by 172?
13
What is the remainder when 900 is divided by 214?
44
What is the remainder when 118 is divided by 31?
25
Calculate the remainder when 69 is divided by 5.
4
What is the remainder when 1062 is divided by 19?
17
Calculate the remainder when 251 is divided by 43.
36
Calculate the remainder when 15316 is divided by 414.
412
Calculate the remainder when 326 is divided by 246.
80
What is the remainder when 2635 is divided by 48?
43
Calculate the remainder when 361 is divided by 73.
69
Calculate the remainder when 1231 is divided by 44.
43
Calculate the remainder when 1176 is divided by 11.
10
What is the remainder when 667 is divided by 27?
19
What is the remainder when 939 is divided by 47?
46
What is the remainder when 946 is divided by 308?
22
Calculate the remainder when 101 is divided by 32.
5
Calculate the remainder when 1367 is divided by 233.
202
Calculate the remainder when 398 is divided by 7.
6
What is the remainder when 8865 is divided by 181?
177
Calculate the remainder when 45 is divided by 32.
13
Calculate the remainder when 856 is divided by 283.
7
What is the remainder when 364 is divided by 113?
25
Calculate the remainder when 1292 is divided by 16.
12
Calculate the remainder when 71 is divided by 36.
35
What is the remainder when 1190 is divided by 365?
95
What is the remainder when 1668 is divided by 44?
40
Calculate the remainder when 340 is divided by 57.
55
What is the remainder when 134 is divided by 35?
29
Calculate the remainder when 513 is divided by 167.
12
What is the remainder when 3933 is divided by 3931?
2
Calculate the remainder when 1232 is divided by 34.
8
What is the remainder when 114 is divided by 49?
16
Calculate the remainder when 95 is divided by 24.
23
What is the remainder when 845 is divided by 106?
103
What is the remainder when 456 is divided by 42?
36
Calculate the remainder when 258 is divided by 88.
82
Calculate the remainder when 357 is divided by 20.
17
What is the remainder when 153 is divided by 77?
76
What is the remainder when 368 is divided by 31?
27
What is the remainder when 483 is divided by 139?
66
What is the remainder when 440 is divided by 80?
40
What is the remainder when 18 is divided by 4?
2
Calculate the remainder when 34314 is divided by 123.
120
Calculate the remainder when 630 is divided by 29.
21
What is the remainder when 2365 is divided by 7?
6
What is the remainder when 869 is divided by 67?
65
What is the remainder when 294 is divided by 27?
24
What is the remainder when 41 is divided by 37?
4
What is the remainder when 2434 is divided by 12?
10
What is the remainder when 1615 is divided by 108?
103
Calculate the remainder when 1062 is divided by 46.
4
Calculate the remainder when 572 is divided by 54.
32
Calculate the remainder when 414 is divided by 64.
30
What is the remainder when 169 is divided by 89?
80
Calculate the remainder when 4721 is divided by 110.
101
What is the remainder when 1439 is divided by 11?
9
Calculate the remainder when 198 is divided by 20.
18
What is the remainder when 540 is divided by 44?
12
Calculate the remainder when 634 is divided by 19.
7
What is the remainder when 541 is divided by 52?
21
What is the remainder when 165 is divided by 12?
9
What is the remainder when 7569 is divided by 67?
65
Calculate the remainder when 25037 is divided by 4.
1
Calculate the remainder when 169 is divided by 56.
1
What is the remainder when 295 is divided by 24?
7
What is the remainder when 2117 is divided by 172?
53
What is the remainder when 122 is divided by 58?
6
Calculate the remainder when 309 is divided by 28.
1
What is the remainder when 24 is divided by 13?
11
Calculate the remainder when 1031 is divided by 1025.
6
What is the remainder when 3127 is divided by 34?
33
Calculate the remainder when 440 is divided by 13.
11
Calculate the remainder when 149 is divided by 38.
35
Calculate the remainder when 44 is divided by 10.
4
Calculate the remainder when 1274 is divided by 85.
84
Calculate the remainder when 321 is divided by 47.
39
What is the remainder when 405 is divided by 82?
77
Calculate the remainder when 607 is divided by 122.
119
Calculate the remainder when 371 is divided by 36.
11
What is the remainder when 154 is divided by 16?
10
Calculate the remainder when 2652 is divided by 32.
28
Calculate the remainder when 839 is divided by 70.
69
Calculate the remainder when 157 is divided by 28.
17
What is the remainder when 458 is divided by 21?
17
What is the remainder when 49 is divided by 13?
10
What is the remainder when 184 is divided by 90?
4
Calculate the remainder when 79 is divided by 44.
35
What is the re